third derivative of -j**4/8 - j**3 - 30*j**2 + 2. What is k(-6)?
12
Suppose 7*h - 3*h - 32 = 0. Suppose -g = k + 9, h*k = -2*g + 7*k - 16. Let x(a) = -a + 1. Determine x(g).
8
Let w(j) = 2*j - 9. Let a(l) = 3*l - 7. Let v(o) = 3*a(o) - 2*w(o). Determine v(6).
27
Let p be (36/(-48))/((-2)/8). Let r(q) = -q**3 + 2*q**2 + 3*q - 1. Give r(p).
-1
Suppose -14*g = -6*g. Let v(d) = -2*d + g*d - 15 + 15. Calculate v(3).
-6
Let c(x) be the second derivative of x**3/6 + 2*x**2 + 2*x. Let u be (-48)/20*120/72. Calculate c(u).
0
Let g(x) = 2*x - 7. Let u(i) = -10*i + 30. Let f(t) = -9*g(t) - 2*u(t). Calculate f(6).
15
Let c(g) = 9*g - 3. Let i(x) = -3*x. Let z(n) = -c(n) - 5*i(n). Give z(3).
21
Let b(w) = w**2 - 8*w + 4. Suppose 4 = -g + 4*k - 16, -k + 5 = -4*g. Suppose -3*j + 24 = 3*m, 3*j - 24 = -g*j - 4*m. Determine b(j).
4
Let n(f) = -f**3 - 3*f**2 + f - 1. Suppose 4*l - s = -11, -102*l + 18 = -107*l - 3*s. Determine n(l).
-4
Let x(a) be the first derivative of -14*a - 6 - 3*a**3 - 9/2*a**2 + 1/4*a**4. Let g be x(10). Let h(l) = l + 6. Give h(g).
2
Let c(j) = j**3 - 13*j**2 + 13*j - 15. Let m be c(12). Let q(n) = 175*n - n**2 + 0 + 168*n + 1 - 345*n + 2*n**2. Determine q(m).
16
Let h be 72/15 + (-3)/(-15). Let l(z) = -2 - 3*z + 5 + 0*z + h*z. Let x(i) = i + 3. Let c be x(-5). Calculate l(c).
-1
Let o(b) be the first derivative of b**5/24 + 5*b**3/3 - 11. Let z(u) be the third derivative of o(u). Determine z(-1).
-5
Suppose -4*k + 5*h = 2 + 42, -4*k - 3*h - 76 = 0. Let n = 12 + k. Let i(c) = c**3 + 4*c**2 - c - 1. Give i(n).
3
Let n(x) = x**2 + x - 29. Let u be n(-9). Let p(z) = -85 - z + u + 33. Calculate p(7).
-16
Let p(a) = -a**3 + 5*a**2 + a. Let d be (1/4)/(11/(-44))*-5. Let i be p(d). Let y(r) = -r**2 + 2*r - 2. Give y(i).
-17
Let h(q) = -3*q + 3. Let y(r) = -5*r + 7. Let v(x) = 7*h(x) - 4*y(x). Determine v(-6).
-1
Let d(g) = 2*g - 1. Let f be 0 + 12 + 1 - -2. Suppose f + 0 = 5*n. Suppose -n*s = -3*i, -s + 4 = -3*s - 2*i. Calculate d(s).
-3
Let k(p) = 3120 - 2*p - 3120. Give k(2).
-4
Let s(v) be the third derivative of v**4/24 + 2*v**3/3 - 330*v**2. Calculate s(-5).
-1
Suppose 0 = -i - 1 - 1. Let z be 0/(-3) + (-6)/i. Let o(l) = 4*l**3 - 4*l**z - l**3 - 3*l**2 + 4*l**2. Determine o(0).
0
Suppose 5 = -m, 4*m + 20 = b - 0*m. Let t(y) = 2*y + b*y - 1 + 0*y - 3*y. Suppose 3*h = 3*o - 9, 4*h + o + 6 = -11. Give t(h).
3
Let a(z) = z. Let f(d) = -d - 1. Let t(q) = -a(q) - 2*f(q). Let s be t(0). Let u(k) = -5*k + 3. Let o(b) = -9*b + 6. Let r(v) = -3*o(v) + 5*u(v). Give r(s).
1
Let v(w) = 2*w**2 - w - 1. Let q be v(-1). Let p(o) = q + 0 + 2*o + 3 - 16*o**3 - 6. Let r be 8/(-12) - 1/(15/(-25)). What is p(r)?
-15
Let w(z) = 3*z + 11. Let c(h) = h - 2. Let s(b) = 4*c(b) - w(b). Determine s(16).
-3
Let k be (-30)/135 - (-20)/9. Let v(d) be the first derivative of -3*d**2/2 + 3*d + 173. What is v(k)?
-3
Suppose 2*r - 1 = -1. Let l(m) = 2 - 2 + m - 5. What is l(r)?
-5
Let u(g) be the first derivative of g**5/60 + 7*g**4/24 + g**3/3 - 19*g**2 + 16. Let h(q) be the second derivative of u(q). Calculate h(-7).
2
Suppose 2*d + 21 = 4*d - l, 0 = -5*l - 25. Let p be (d/(-12))/((-2)/(-3)). Let a be 0/1 + -2 + p. Let y(x) = 2*x**2 + 3*x - 2. Calculate y(a).
7
Let a(c) = -c**2 + 8*c - 4. Let v be (-162)/(-21) + (-4)/(-14). Suppose 4*z - 4*x - 4 = v, x - 12 = -2*z. Give a(z).
11
Let s(t) = -t**3 + 4*t**2 + 3*t + 1. Let d = 9 - 3. Suppose c = -1 + d. Suppose p = -4*l + 8*l - 17, -5*l = c*p - 40. Calculate s(l).
-9
Let j(h) = -h**3 - 4*h + 5. Let a(w) = w**3 - w**2 + 3*w - 4. Let q(l) = 4*a(l) + 3*j(l). Give q(5).
24
Let f(j) be the third derivative of j**5/60 + 3*j**4/8 - 11*j**3/6 + 15*j**2. What is f(-8)?
-19
Let a(t) = -2*t - 2. Let l(y) = 4*y - 80. Let o be l(19). What is a(o)?
6
Let a be 4/(-56)*2*21/(-60). Let k(u) be the second derivative of 0 + 3*u + 0*u**2 + 5/12*u**4 + a*u**5 + 1/2*u**3. Determine k(-4).
4
Let n = 12 - 3. Let m(x) = 5*x - 5 + x + x - n*x. Calculate m(-4).
3
Let t(j) = -1 - 6*j + 8 + j**2 + 2. Suppose -4*z - 13 = -5*z. Let b be 760/130 + 2/z. Determine t(b).
9
Let l(x) be the third derivative of -3*x**5/20 + x**3/6 + 31*x**2. Determine l(-1).
-8
Let o be ((-26)/(-6))/(78/(-18) - -4). Let c(z) = z**3 + 13*z**2 + 1. Calculate c(o).
1
Let v(z) = -z. Let g = -24 + 21. Let x be (-2 - 1) + g/1. What is v(x)?
6
Suppose 4*k - 6*k = f - 9, 36 = 4*f + k. Let s(n) = n**3 - 10*n**2 + 9*n + 5. Give s(f).
5
Let i(c) be the second derivative of c**5/20 - 3*c**4/4 + 7*c**3/6 + 4*c**2 + c. Suppose 2*g - z - 15 = 0, -3*g - 2*g - 2*z = -42. Give i(g).
0
Let o = 76 + -70. Suppose -2*g = -4*g - o. Let f(p) = -p**2 - 3*p - 2. Determine f(g).
-2
Let g(c) be the third derivative of -c**6/20 - c**5/60 + c**4/24 + c**3/6 - 2*c**2 + 48. Give g(-1).
5
Let q(f) = f**2 + 6*f + 1. Let p(v) = 4*v**3 + 36*v**2 + 15*v - 39. Let a(h) = h**3 + 9*h**2 + 4*h - 10. Let u(w) = -9*a(w) + 2*p(w). Let o be u(-8). Give q(o).
-7
Let f be (1 - 9)/(0 - 2). Suppose -2*i = -3*i + 2. Let n(z) = -f*z - i - 1 + z. What is n(4)?
-15
Let v(n) be the third derivative of -1/24*n**4 + 0 + 0*n - 27*n**2 + 0*n**3 + 1/30*n**5. Give v(-1).
3
Let d(j) = -j**2 + 3*j - 8. Let q(h) = -h**2 + 4*h - 9. Let t be (-1 - 0) + 7 + -11. Let u(m) = t*d(m) + 4*q(m). Calculate u(0).
4
Let f(v) = 2*v - 16. Let p be -3 - (3/3 - 13). Let o be f(p). Let t be o/5 - 4/10. Let w(c) = c**3 - c - 15. What is w(t)?
-15
Let o(c) = -c + 27. Let a(g) = -g + 36. Let k(q) = 8*a(q) - 11*o(q). Suppose 5*i - 13 = 17. Determine k(i).
9
Suppose 2*a + 0*a + 5*h + 34 = 0, 5*h = 2*a + 14. Let b = 15 + a. Suppose 0*p = -3*n - b*p - 3, 3*p - 25 = 4*n. Let d(r) = -r - 5. Determine d(n).
-1
Let w(g) = g**3 - 14*g**2 + 8*g - 1. Let y(t) = -2*t**2 + t. Let m(h) = -w(h) + 5*y(h). Let d be (-10)/(-3) + (-1)/3. Give m(d).
1
Suppose w = -w. Let i(b) = -7*b + 11*b - 7*b + w*b - 3*b**2. Suppose 0 = -4*u - 26 + 18. Calculate i(u).
-6
Let i(k) = -2*k**3 - 34*k**2 - k - 18. Let f be i(-17). Let d(m) = 4*m**3 + m. Give d(f).
-5
Let b(x) = x**2 - 7*x - 1. Let f be 1888/(-28) - 9/(-21). Let h = -61 - f. Give b(h).
-7
Suppose 0 = -b + 9 - 12. Let n be (b + 0 - -1) + (-16)/4. Let o(k) = k**2 + 5*k - 7. Calculate o(n).
-1
Let l(c) = -13 + 11 - 9*c - 7*c**2 - 21*c**3 + 22*c**3. Let f(k) = k - 7. Let w be f(15). Determine l(w).
-10
Let t(j) = -j**2 + 9*j + 5. Let k be t(9). Suppose -4*p + 3 = -k*p. Let b(m) = -2*m**2 - 3*m + 1. Calculate b(p).
-8
Let q(h) = -h**2 - 6*h - 1. Suppose -w = v - 3, 5*v + 0*v = -w + 15. Suppose -v*p = 3*p + 36. Give q(p).
-1
Let m(z) = -z - 8. Let i = -13 - -15. Suppose i*w = -2*w + 32. Suppose 0 = 2*n - 2*k + 4, n + n - 5*k = w. Calculate m(n).
-2
Suppose 9 = -5*h - 11. Let r(w) = w**2 + w + 2. Give r(h).
14
Let q be 1*4 + (-8)/(-8). Let c be -3 + q + (-1 - -1). Let x(r) = r**3 + 0*r**2 - 4*r**c + r**2 - 1 + 7*r**2. Calculate x(-3).
8
Let n(q) = -q**3 + 15*q**2 - 15*q + 13. Let s be (-112)/(-12)*(-3)/(-2). Determine n(s).
-1
Let w(b) = 2*b**2 - 4*b + 1. Let s be 0/1*(-2)/4. Let k(q) be the second derivative of q**3/6 + 3*q**2/2 - 12*q. Let y be k(s). What is w(y)?
7
Let x = 9 - 4. Suppose -x*g = -3*g - 8. Let h = -1 - g. Let u(d) = d**3 + 4*d**2 - 4*d - 4. Give u(h).
-9
Let t(a) be the second derivative of -a**5/20 + 3*a**4/4 - 4*a**3/3 + 3*a**2 + 192*a. Give t(8).
6
Let t(p) be the second derivative of -p**5/20 - p**4/2 - p**3/6 - 7*p**2/2 - 31*p. Determine t(-6).
-1
Let f(n) = 4*n**2 - 4*n + 3. Let g be f(2). Let u = g - 12. Let l(v) = -7*v + 3. Let q(p) = 6*p - 2. Let i(w) = 2*l(w) + 3*q(w). Give i(u).
-4
Let a be -2*24/16 + 5 - -9. Let y(j) = j**3 - 12*j**2 + 11*j - 6. Determine y(a).
-6
Let d(i) = 164*i + 108. Let u(p) = 12*p + 8. Let m(f) = -5*d(f) + 68*u(f). Suppose -2*c + 7 = -7. Give m(c).
-24
Suppose 3*g - 2 + 17 = 0. Let i(s) be the second derivative of s**4/12 + 5*s**3/6 - s**2/2 - 3*s. Give i(g).
-1
Let x(u) = -10*u + 31. Let s(f) be the third derivative of 7*f**4/24 - 7*f**3/2 + 33*f**2. Let b = 18 - 13. Let o(d) = b*x(d) + 7*s(d). Calculate o(7).
1
Let g(s) = 2*s**2 - 1. Let h = 1 + 2. Suppose 2*t - 6*t = h*n - 15, -4*t + 9 = -3*n. Give g(n).
1
Suppose -14*i + 9 = -11*i. Let v(h) = -41*h**3 - h + 19*h**i + 23*h**3 + 1 - h**2. Calculate v(0).
1
Let l(p) = p**3 + 32*p**2 + 29*p - 62. Let h be (155/20)/((-2)/8). Determine